 - 14 + 23 = 0. Determine t(o).
193
Let m(d) = 9*d**2 - 8*d**2 - 6*d**2 + 0*d**2 + d**3 + 9*d**2 - 33*d - 9. Calculate m(-8).
-1
Let y(h) be the third derivative of 0*h + 1/3*h**4 - 31*h**2 + 1/60*h**5 + 0 + 11/6*h**3. Calculate y(-8).
11
Let p = 39 - 13. Let k = -12 + p. Let s = 10 - k. Let b(z) = z**2 + 5*z - 2. Give b(s).
-6
Let r(z) = 0*z**2 - 13*z + 6 - 11 - z**2 - 6. Suppose -2*o - 16 = -2*p, -4*o = -6*o - 4*p - 46. What is r(o)?
-11
Let x(g) = -3*g + 84. Suppose 0 = a + 5*d - 8, 7*d + 92 = 3*a + 5*d. Calculate x(a).
0
Let o(l) = 4*l + 29. Suppose -593*r - 2333 = 148 + 1670. Calculate o(r).
1
Let g(q) be the first derivative of q - 5/3*q**3 + 1/4*q**4 + 151 - 3/2*q**2. Suppose 5 = 4*n - 15. Determine g(n).
-14
Let n(g) = -g + 80. Let x(y) = -811*y + 5650. Let u be x(7). Give n(u).
107
Let v(m) = -13*m**2 - 2*m - 1. Suppose 21 = -8*i + 6*i - 5*r, -21 = -3*i + 3*r. Suppose 3*c + c = -4*n - 8, -3*n + 5*c + i = 0. Give v(n).
-12
Let c(t) = -19*t**3 - 25*t**2 - 592*t - 24. Let d(m) = 23*m**3 + 30*m**2 + 715*m + 29. Let q(x) = 29*c(x) + 24*d(x). Let j = -11 - -17. What is q(j)?
-12
Let x(d) be the first derivative of -242 - 1/2*d**2 - 19*d. What is x(-8)?
-11
Let z(i) = 35*i - 2 - 18*i - 18*i - 39*i**3 - 2*i**2 + 37*i**3. Calculate z(-1).
-1
Let c(q) be the first derivative of 5*q**4 - q**2/2 - q + 247. Calculate c(-1).
-20
Suppose 0 = 73*x - 81*x - 50 - 46. Let k(v) = -v**3 - 11*v**2 + 4*v + 17. Determine k(x).
113
Let v(p) = -10*p - 27. Let q(n) = -n**3 - 9*n**2 - 87*n - 647. Let w be q(-8). Calculate v(w).
123
Let m(p) = p**2 - 9*p - 78. Let k be m(15). Let u(d) = -d + d**2 + 2*d + k*d**2 - 12*d**2 - 10*d**3 - 1. Determine u(1).
-9
Suppose -2*t - 2*m = -212, 0*m = -4*t + 3*m + 410. Suppose -24*h + 11*h - t = 0. Let x(q) = -q**3 - 9*q**2 - 10*q - 10. Give x(h).
6
Let c(i) be the third derivative of 7*i**4/24 - 80*i**3/3 + 495*i**2. Calculate c(22).
-6
Let u(c) = c**3 + 56*c**2 + 106*c - 99. Let a be u(-54). Let o(m) = -2*m - 6. Give o(a).
-24
Suppose -7*t + 4*y = -3*t - 44, 2*y + 52 = 5*t. Let n(d) be the second derivative of -d**5/20 + 5*d**4/6 + 4*d**2 - 5208*d - 3. Determine n(t).
8
Let i(w) be the second derivative of 8*w**3/3 + 179*w**2 - 14*w - 37. Give i(-23).
-10
Let t(n) = 22*n**2 + n + 1. Let m(z) = 26*z**2 + z + 1. Let a(c) = 6*m(c) - 7*t(c). Calculate a(1).
0
Let q = -88 - -89. Let x(s) = 0 + s + 3 - q + 4 - 3. What is x(-6)?
-3
Let s(d) = 2*d**3 - 3*d**2 - 6. Let i(f) = -6*f**3 + 22*f**2 + 8*f + 34. Let t(v) = i(v) + 4*s(v). Give t(-4).
10
Let v(z) = z**3 - 2*z**2 + 3*z + 1. Let g(p) = p + 1. Let n(l) = -2*g(l) + v(l). Let j = -101 + 91. Let q be (-70)/j + -6 + 2. Determine n(q).
11
Let x(a) = -a**3 + 9*a**2 + 8*a + 22. Let q be x(10). Let p(d) = 17*d**2 - 44*d**2 + 9*d**2 + 17*d**q - 5*d. Suppose 0 = -2*y - 10 - 2. Calculate p(y).
-6
Let b(a) be the first derivative of a**3/3 + 5*a**2 - 21*a - 5529. What is b(-10)?
-21
Let w(d) = -2*d**3 - 11*d**2 + 6*d - 3. Let i(q) = -q**2 + 8*q + 3. Let u be i(9). What is w(u)?
-3
Let m(u) be the first derivative of u**5/60 + 13*u**4/24 + 13*u**3/3 - 3*u**2/2 + 4*u - 125. Let p(z) be the second derivative of m(z). Give p(-11).
4
Let k(t) = 5*t**3 + 2*t**2 + 8*t - 5. Let x(v) = -12*v**3 - 4*v**2 - 18*v + 10. Let m(p) = -7*k(p) - 3*x(p). What is m(4)?
29
Let g(h) = h**2 - 7*h - 1. Let c(t) be the first derivative of -2/3*t**3 + 14*t - 11/2*t**2 + 13. Let j be c(-6). Give g(j).
7
Let d(o) = 6*o**2 + 199 - 405 - 8*o + 211 - 13*o**3 + 12*o**3. Give d(5).
-10
Let g(k) be the second derivative of k**3/2 - 12*k**2 - 1016*k + 5. Calculate g(18).
30
Let y be (-1496)/(-238) + ((-52)/(-14) - 4). Let b(s) = -s**3 + 4*s**2 - 3*s + 3. Determine b(y).
-87
Suppose 4*s = r - 16, 2*s + s + 4*r + 31 = 0. Let t(i) = 2*i**2 + 11*i + 5. Let f be t(s). Let d(u) = -u - 6. Determine d(f).
-6
Let q(g) = g**3 - 4*g**2 + 5*g + 2. Let u be (65/25 + -3)/(3/(-15)). Suppose b + 10 = 5*b + 2*l, 2*l = u*b - 14. Give q(b).
22
Let o(t) = -t + 5 - t**3 + 256*t**2 - 189*t**2 + 2*t**3 - 63*t**2. Suppose -3*w + 2 - 14 = 0. Give o(w).
9
Let w(r) = r**3 + 5*r**2 - 19*r + 1. Suppose -56 + 144 = -11*b. Determine w(b).
-39
Let y(o) = -3*o**2 + 19*o + 3. Suppose 0*w + 36 = 6*w. Let u be y(w). Suppose 3*a + u = 6. Let s(p) = 8*p + 1. What is s(a)?
-7
Let w = 245 - 243. Let x(r) = -3*r**2 + 3*r**w - 3*r**2 + 6*r**2. Calculate x(-2).
12
Let p(t) be the first derivative of -t**2/2 - 4*t + 10961. Suppose 4 = -5*a - 6. Calculate p(a).
-2
Let p(r) be the third derivative of -5/24*r**4 + 1/120*r**6 - 2*r - 1/15*r**5 - 7/6*r**3 + 0 + 8*r**2. Give p(5).
-7
Let j(g) be the second derivative of 1/4*g**4 + 1/2*g**2 - 27*g - 1/3*g**3 + 0. Give j(2).
9
Let i(b) = 3*b - b**2 - 26 + 5*b + 46 - b - 13. Let c(l) = -2*l**3 + l**2 + l - 1. Let s be c(1). Let h be (2 + 1)*s - -10. Give i(h).
7
Let x(w) be the first derivative of -w**5/20 - w**4/4 + w**3 + w**2/2 + 35*w - 100. Let v(h) be the first derivative of x(h). Give v(-4).
-7
Let b(q) = -q**2 + 5*q + 12. Suppose -4*z = -3*l + 14 + 6, -14 = -l + 5*z. Calculate b(l).
16
Let c(m) = m + 1. Let f(l) = 4*l + 1. Let u(n) = 5*c(n) - f(n). Let s = -17330 + 17325. Determine u(s).
-1
Let u(q) = q**2 + 13*q + 31. Let m be ((-8)/(-4))/((-1)/2). Give u(m).
-5
Let k = 3 - -2. Let c(v) = -6*v + 33. Let l be c(k). Let b(i) = -507*i**3 + 506*i**3 + l*i - 4 - 9*i - 7*i**2. Determine b(-4).
-28
Suppose -4*v - 18 - 18 = 0. Let a(j) be the first derivative of -j**4/4 - 10*j**3/3 - 7*j**2/2 + 10*j + 796. Calculate a(v).
-8
Let p(i) = 20*i**3 + i. Let z = 133 - 148. Let q(h) = -h**2 - 15*h + 1. Let f be q(z). Determine p(f).
21
Suppose -k + 5*z + 25 = -5, 4*z + 56 = 4*k. Let j = -22 - -41. Suppose 0 = -k*x + j*x - 63. Let m(n) = -n**3 + 7*n**2 - n - 5. What is m(x)?
-12
Let o(b) = b. Let z(x) = 7*x + 3. Let d(j) = -4*o(j) - z(j). Let t(c) = -75*c**2 - 529*c - 30. Let u be t(-7). What is d(u)?
19
Let r be 1 - (((-25)/(-15))/(-5))/(1/(-3)). Let p(i) be the second derivative of r + 2*i**2 - 21*i - 1/12*i**4 - 2/3*i**3. Give p(-5).
-1
Suppose -35 = 4*i + 2*l - 23, 0 = -8*i - l. Let b(u) = 6*u + 8. What is b(i)?
14
Let n(b) = b**3 - 4*b**2 - 40*b + 42. Let u(x) = x**2 - x + 21. Let l(s) = n(s) - 2*u(s). Determine l(10).
20
Let h(n) = 8*n - 94. Let r(g) be the second derivative of g**3/3 - 23*g**2/2 - 154*g. Let j(d) = 2*h(d) - 9*r(d). Calculate j(12).
-5
Let z(d) = -3*d**2 + 124*d - 158. Let u be z(40). Let y(c) = 4*c**2 - 5*c - 1. Give y(u).
5
Suppose 3*p = -4*p + 350. Suppose 2*c - 20 = 3*y, -2*c - p = 4*y - 28. Let r(k) = -k**3 - 5*k**2 + 7*k + 1. Calculate r(y).
-5
Let w = 5 + 0. Suppose 3*m + 18 = -w*b + 6, 4 = 3*b - m. Let i(l) = -l**2 - l - 3*l + b*l + 4. What is i(-5)?
-1
Suppose -86*y + 372 + 204 = 10*y. Let d(o) = -o**2 + 9*o - 20. Give d(y).
-2
Let c(x) = -2*x**2 - 24*x - 6. Let l be c(-12). Let h be 3 - (3/l*-6 + -4). Let y(v) = v**2 - v - 1. Calculate y(h).
11
Let x(u) = 2*u**3 + 2*u**2 - 3*u + 4. Let r(g) = g**3 + g**2 - 2*g + 2. Let l(d) = 5*r(d) - 3*x(d). Let q = 51 + -81. Let w = q - -30. Give l(w).
-2
Let o(w) be the second derivative of -w**4/12 + 5*w**3/3 - w**2/2 - 7*w. Let k(l) = -3*l + 37. Let m be k(9). Suppose -13*u - m = -14*u. Calculate o(u).
-1
Let o be (-64)/160*(-270)/(-9). Let x(p) = 4*p + 48. Give x(o).
0
Let a(d) = -3*d**2 + 14*d + 4. Let z be (15 - 3/3) + 65 + -73. Calculate a(z).
-20
Suppose 9*u + 567 = -2*n + 10*u, -3*u + 15 = 0. Let d = n + 275. Let p(w) be the first derivative of -3*w**2/2 - 5*w - 3. Determine p(d).
13
Suppose 8*u - 5 = 7*u. Let g(z) = 5 + 6 + 5*z - u - 4*z**2 - 2*z - z**3. Suppose -3*t - t = 16. Give g(t).
-6
Let b(m) = -m - 78. Let x = 30782 + -30782. Give b(x).
-78
Let i be 4/18 - ((-350)/45)/10. Suppose -22*y - i = 109. Let a(q) = q**3 + 5*q**2 - 2*q + 2. Give a(y).
12
Let m(i) be the second derivative of -i**5/20 - 7*i**4/12 + i**3/2 + 5*i**2 - 13*i. Suppose 0 = 4*w - 2*b + 6 + 28, -3*w - 24 = -b. Determine m(w).
-11
Let g(j) = 8*j**3 + 41*j**2 - 31*j - 40. Let q(s) = 39*s**3 + 206*s**2 - 154*s - 198. Let t(r) = 29*g(r) - 6*q(r). Calculate t(-24).
4
Let h = -517 + 516. Let m(s) = -s - 1. Let b(j) = -8*j - 9. Let l(t) = h*b(t) + 5*m(t). Let k = 2 - 5. What is l(k)?
-5
Let j(h) = 9*h**2 - 2*h + 4. Let g(z) = 19*z**2 - 4*z + 9. Let s(r) = 4*g(r) - 9*j(r). Suppose -2*u - 